--
-- Host: 127.0.0.1    Database: symfony1
-- ------------------------------------------------------


--
-- Table structure for table `avis_general`
--

CREATE TABLE `avis_general` (
  `id` int(11) NOT NULL AUTO_INCREMENT,
  `nom` varchar(255) COLLATE utf8mb4_unicode_ci DEFAULT NULL,
  `prenom` varchar(255) COLLATE utf8mb4_unicode_ci NOT NULL,
  `age` int(11) DEFAULT NULL,
  `avis` longtext COLLATE utf8mb4_unicode_ci NOT NULL,
  PRIMARY KEY (`id`)
) ENGINE=InnoDB AUTO_INCREMENT=7 DEFAULT CHARSET=utf8mb4 COLLATE=utf8mb4_unicode_ci;

--
-- Dumping data for table `avis_general`
--

INSERT INTO `avis_general` VALUES (1,'Yavryan','Rafael',21,'Je suis l\'administrateur du site et je trouve genial que je peux accèder à ma page admin et de gérer mes articles '),(2,'','Gregory',41,'J\'adore , très coloré '),(3,'Dubois','Valentin',NULL,'Très peu de fonctionalitées '),(4,'Hamon','Elise',NULL,'J\'aime la possiblité de choisir par couleur les pochettes '),(5,'','Melissa',15,'Ah Genial , On voit nos avis dans la partie les Avis'),(6,'','Damien',NULL,'Je suis un web designer , je peux vous donner quelques conseils ;)');

--
-- Table structure for table `caracteristique`
--

CREATE TABLE `caracteristique` (
  `id` int(11) NOT NULL AUTO_INCREMENT,
  `couleur` varchar(255) COLLATE utf8mb4_unicode_ci NOT NULL,
  PRIMARY KEY (`id`)
) ENGINE=InnoDB AUTO_INCREMENT=13 DEFAULT CHARSET=utf8mb4 COLLATE=utf8mb4_unicode_ci;

--
-- Dumping data for table `caracteristique`
--

INSERT INTO `caracteristique` VALUES (1,'rouge'),(2,'bleu'),(3,'gris'),(4,'marron'),(5,'orange'),(6,'violet'),(7,'blanc'),(8,'jaune'),(9,'noir'),(10,'rose'),(12,'vert');

--
-- Table structure for table `migration_versions`
--

CREATE TABLE `migration_versions` (
  `version` varchar(14) COLLATE utf8mb4_unicode_ci NOT NULL,
  `executed_at` datetime NOT NULL COMMENT '(DC2Type:datetime_immutable)',
  PRIMARY KEY (`version`)
) ENGINE=InnoDB DEFAULT CHARSET=utf8mb4 COLLATE=utf8mb4_unicode_ci;

--
-- Dumping data for table `migration_versions`
--

INSERT INTO `migration_versions` VALUES ('20200426141235','2020-04-26 14:12:44'),('20200428154421','2020-04-28 15:44:28'),('20200428165116','2020-04-28 16:51:28');

--
-- Table structure for table `pochette`
--

CREATE TABLE `pochette` (
  `id` int(11) NOT NULL AUTO_INCREMENT,
  `titre` varchar(255) COLLATE utf8mb4_unicode_ci NOT NULL,
  `image` varchar(255) COLLATE utf8mb4_unicode_ci NOT NULL,
  `description` longtext COLLATE utf8mb4_unicode_ci NOT NULL,
  `prix` double NOT NULL,
  PRIMARY KEY (`id`)
) ENGINE=InnoDB AUTO_INCREMENT=11 DEFAULT CHARSET=utf8mb4 COLLATE=utf8mb4_unicode_ci;

--
-- Dumping data for table `pochette`
--

INSERT INTO `pochette` VALUES (1,'Motif arménien','1.jpg','La grenade symbole de l\'Arménie avec les motifs traditionnels',25),(2,'L\'éclat d\'un sciècle','2.jpg','Inspiré par le roman de Victor Hugo cette pochette nous transmet l\'état d\'esprit des personnages',15),(3,'Cubisme de Picasso','3.jpg','A-t-on droit d\'imaginer. Cette pochette nous transmet dans l\'état d\'esprit de Picasso.',25),(4,'La fleur du mal','4.jpg','Le poète Charles Baudelaire nous transmet ces émotions par les poèmes, nous vous transmettons chaque jour ces émotions si vous prenez cette pochette',23),(5,'Pierre à croix','5.jpg','Pierre à croix en arménien Khatchkar est le symbole religieux de l\'Arménie. Le tissu vient de ce pays.',30),(6,'You are a girly','6.jpg','Souhaitez-vous briller pendant vos sorties, alors cette pochette est faite pour vous',15),(8,'Sky blue','7.jpg','Vous le souhaitez le marier cette pochette avec vos robes de soirée, alors vous pouvez le faire',15),(9,'Marron glacé','8.jpg','Je vous laisse admirer ces couleurs brillantes et épater chaque personne qui passera à côté de vous',20),(10,'Black & Whrite','9.jpg','Cette pochette classique, mais aussi élégant cera votre coup de coeur d\'aujourd\'hui',23);

--
-- Table structure for table `pochette_caracteristique`
--

CREATE TABLE `pochette_caracteristique` (
  `pochette_id` int(11) NOT NULL,
  `caracteristique_id` int(11) NOT NULL,
  PRIMARY KEY (`pochette_id`,`caracteristique_id`),
  KEY `IDX_D87164C133ECB04` (`pochette_id`),
  KEY `IDX_D87164C11704EEB7` (`caracteristique_id`),
  CONSTRAINT `FK_D87164C11704EEB7` FOREIGN KEY (`caracteristique_id`) REFERENCES `caracteristique` (`id`) ON DELETE CASCADE,
  CONSTRAINT `FK_D87164C133ECB04` FOREIGN KEY (`pochette_id`) REFERENCES `pochette` (`id`) ON DELETE CASCADE
) ENGINE=InnoDB DEFAULT CHARSET=utf8mb4 COLLATE=utf8mb4_unicode_ci;

--
-- Dumping data for table `pochette_caracteristique`
--

INSERT INTO `pochette_caracteristique` VALUES (1,1),(1,3),(1,7),(1,12),(2,5),(2,8),(2,9),(2,10),(2,12),(3,1),(3,7),(3,8),(3,12),(4,1),(4,8),(4,9),(4,12),(5,1),(5,8),(5,9),(5,12),(6,1),(6,10),(8,2),(8,7),(9,4),(9,7),(9,8),(9,9),(10,3),(10,7),(10,9);


